{"id":26,"date":"2019-02-04T18:37:17","date_gmt":"2019-02-04T17:37:17","guid":{"rendered":"http:\/\/krupa.biz.pl\/wordpress\/?page_id=26"},"modified":"2019-04-05T10:44:12","modified_gmt":"2019-04-05T08:44:12","slug":"strona-glowna","status":"publish","type":"page","link":"https:\/\/krupa.biz.pl\/","title":{"rendered":"G\u0142\u00f3wna"},"content":{"rendered":"<p>Kancelaria Adwokacka Adw. Antoni Krupa jest Kancelari\u0105 prawn\u0105 specjalizuj\u0105c\u0105 si\u0119 w \u015bwiadczeniu kompleksowych us\u0142ug obs\u0142ugi prawnej na rzecz podmiot\u00f3w instytucjonalnych i klient\u00f3w indywidualnych .<\/p>\n<p><strong>Kancelaria swiadczy uslugi w zakresie:<\/strong><\/p>\n<ul>\n<li>doradztwa w przedmiocie szeroko rozumianego prawa handlowego i prawa cywilnego \u2013 prawa sp\u00f3\u0142ek handlowych, prawa zobowi\u0105za\u0144, roszcze\u0144 odszkodowawczych z tytu\u0142u zobowi\u0105za\u0144 umownych,<\/li>\n<li>windykacji nale\u017cno\u015bci &#8211; poprzez system monitoringu d\u0142u\u017cnik\u00f3w Zleceniodawcy, informowania d\u0142u\u017cnik\u00f3w o zaleg\u0142o\u015bciach i konsekwencjach niep\u0142acenia zaleg\u0142o\u015bci, negocjowanie w imieniu Klienta rozwi\u0105za\u0144 sprzyjaj\u0105cych poprawie p\u0142atno\u015bci d\u0142u\u017cnik\u00f3w oraz zapewnienie optymalnych dla wierzyciela form zabezpieczenia jego wierzytelno\u015bci i terminowego regulowania zobowi\u0105za\u0144, zapewnienie profesjonalnej obs\u0142ugi prawnej w procesie s\u0105dowego dochodzenia nale\u017cno\u015bci oraz efektywn\u0105 egzekucj\u0119 ju\u017c ustalonych i wymagalnych roszcze\u0144,<\/li>\n<li>doradztwa i obs\u0142ugi prawnej spraw kadrowo &#8211; pracowniczych, w tym reprezentacj\u0119 w procesach przed S\u0105dami Pracy,<\/li>\n<li>obs\u0142ugi sp\u00f3\u0142ek prawa handlowego poprzez kompleksowe przygotowywania i przeprowadzenie procedur rejestracyjnych w Krajowym Rejestrze S\u0105dowym, przygotowywanie i przedstawianie projekt\u00f3w umowy sp\u00f3\u0142ki, przygotowywanie procedury zgromadze\u0144 wsp\u00f3lnik\u00f3w, przygotowywanie projekt\u00f3w uchwa\u0142, projekt\u00f3w zmian umowy sp\u00f3\u0142ki, projektowanie struktur organizacyjnych sp\u00f3\u0142ek,<\/li>\n<li>dokonywania analiz finansowo &#8211; prawnych przedsi\u0119wzi\u0119\u0107 inwestycyjnych,<\/li>\n<li>przygotowywania wniosk\u00f3w kredytowych oraz biznes &#8211; plan\u00f3w,<\/li>\n<li>doradztwo i pomoc prawna w post\u0119powaniach przetargowych,<\/li>\n<li>doradztwa w zakresie dzia\u0142a\u0144 restrukturyzacyjnych i post\u0119powa\u0144 naprawczych w firmach, projektowanie i pe\u0142na obs\u0142uga proces\u00f3w restrukturyzacji finansowej i organizacyjnej przedsi\u0119biorstw.<\/li>\n<\/ul>\n<p align=\"right\"><em>adw. Antoni Krupa<\/em><\/p>\n","protected":false},"excerpt":{"rendered":"<p>Kancelaria Adwokacka Adw. Antoni Krupa jest Kancelari\u0105 prawn\u0105 specjalizuj\u0105c\u0105 si\u0119 w \u015bwiadczeniu kompleksowych us\u0142ug obs\u0142ugi prawnej na rzecz podmiot\u00f3w instytucjonalnych i klient\u00f3w indywidualnych . Kancelaria swiadczy uslugi w zakresie: doradztwa w przedmiocie szeroko rozumianego prawa handlowego i prawa cywilnego \u2013 prawa sp\u00f3\u0142ek handlowych, prawa zobowi\u0105za\u0144, roszcze\u0144 odszkodowawczych z tytu\u0142u zobowi\u0105za\u0144 umownych, windykacji nale\u017cno\u015bci &#8211; poprzez &hellip; <\/p>\n<p class=\"link-more\"><a href=\"https:\/\/krupa.biz.pl\/\" class=\"more-link\">Czytaj dalej<span class=\"screen-reader-text\"> \u201eG\u0142\u00f3wna\u201d<\/span><\/a><\/p>\n","protected":false},"author":1,"featured_media":0,"parent":0,"menu_order":0,"comment_status":"closed","ping_status":"closed","template":"","meta":{"footnotes":""},"class_list":["post-26","page","type-page","status-publish","hentry"],"_links":{"self":[{"href":"https:\/\/krupa.biz.pl\/index.php\/wp-json\/wp\/v2\/pages\/26","targetHints":{"allow":["GET"]}}],"collection":[{"href":"https:\/\/krupa.biz.pl\/index.php\/wp-json\/wp\/v2\/pages"}],"about":[{"href":"https:\/\/krupa.biz.pl\/index.php\/wp-json\/wp\/v2\/types\/page"}],"author":[{"embeddable":true,"href":"https:\/\/krupa.biz.pl\/index.php\/wp-json\/wp\/v2\/users\/1"}],"replies":[{"embeddable":true,"href":"https:\/\/krupa.biz.pl\/index.php\/wp-json\/wp\/v2\/comments?post=26"}],"version-history":[{"count":5,"href":"https:\/\/krupa.biz.pl\/index.php\/wp-json\/wp\/v2\/pages\/26\/revisions"}],"predecessor-version":[{"id":81,"href":"https:\/\/krupa.biz.pl\/index.php\/wp-json\/wp\/v2\/pages\/26\/revisions\/81"}],"wp:attachment":[{"href":"https:\/\/krupa.biz.pl\/index.php\/wp-json\/wp\/v2\/media?parent=26"}],"curies":[{"name":"wp","href":"https:\/\/api.w.org\/{rel}","templated":true}]}}